 186 - (0 - 19)) + 39)).
-37
-1464 + 1492 - (-4 + 1)
31
Calculate -131 + 59 + -30 - (-3 + -2 + 17).
-114
What is (2 - -11) + (-386 - -351)?
-22
Evaluate 4 - -11 - (-15 - (-74 + 21)).
-23
What is (-1 - 47) + 6 - (6 + (-9 - -10)) - -7?
-42
Calculate (-130 - -162) + ((-4 - -2) + -2 - -4).
32
Evaluate (75 - 25) + (-17 - -27) + -22.
38
-132 + (12 - (10 + 8 - 14) - -2)
-122
Calculate -77 + 32 + (80 - 74).
-39
37 + 3 + 2 + 7 + -9 + 4 + -9
35
What is the value of 73 + 2 - (-334 + 386)?
23
What is -58 - (50 - 82 - -3)?
-29
Calculate -4 - -6 - (28 - (8 - (-7 - (-5 - 16)))).
-32
What is (6 - -4) + (-9 - -5) - (37 - -1)?
-32
74 - 24 - -40 - (-6 + 15 + -22)
103
Calculate 14 + (9 - 14 - -7) + 3 + -92.
-73
111 - ((-9 - (0 + 1) - (-23 - -12)) + 9)
101
Evaluate -2 + 125 + 29 + -113.
39
What is -3 - (2 + 14) - (-9 + 13)?
-23
What is the value of 11 - (21 - 34) - 21?
3
113 + 0 + 0 + -1 + 2 + 739 + -729
124
Calculate 32 - 24 - (23 - 9 - 4).
-2
What is -5 - ((98 - 2) + -93 - (15 + -1))?
6
What is -134 + 89 + -25 + 13?
-57
What is the value of -45927 - -45935 - ((-1 - 0) + (-11 - -1))?
19
((-1 - -10) + (58 - 37) + -22 - 10) + -5
-7
Evaluate -103 + -68 + 73 + 40.
-58
What is the value of 44 + 58 + 8 + -33 + -28?
49
Evaluate -12 + 50 + (-3 - -6 - -3) + -9.
35
Calculate (-53 + 40 - (-4 + -3)) + 8.
2
What is -31 - (-56 - -55 - 12)?
-18
21 + (115 + -126 - (0 + -10)) - 7
13
Calculate (54 - (-14 - -56)) + -25 - (3 + -1).
-15
-1 + -19 + (214 - 79) + -138
-23
-4 + -1 - (1 - (5 + -16) - -2)
-19
Evaluate -21 + 0 + (-17 - (-51 + -11)).
24
Evaluate -4 + -5 + 11 + 0 + -22 - (-132 - -128).
-16
What is the value of (-58 - (-37 - 22)) + 37?
38
Evaluate 15 + (-24 - 20) - (3 - 1).
-31
What is the value of 1 + (20 - (-1 - 39) - 30)?
31
What is the value of (-24 - -58) + (97 - 88)?
43
Evaluate 69 + 1 + -10595 + 10525.
0
What is (53 + 0 - (-90 - -268)) + (0 - (2 - 15))?
-112
Evaluate -6 + (38 + -10 - 10) - (1 - 3 - 5).
19
5 - (-123 - (-80 + (23 - -36) - (-17 - -1)))
123
-2 + -1 + 9 + -5 + 36
37
-233 + -116 + -24 + 257
-116
What is the value of 22 + (-8 - (-7 + 17 - 13 - 2))?
19
Evaluate (97 - 166) + -2 + 68 - (-83 + (0 - -1)).
79
What is the value of -16 + -14 + 21 + (14 - 68)?
-63
What is (-144 - 24 - -95) + 126?
53
What is the value of -62 - (-118 - 45 - -58)?
43
-3577 + 3654 - (0 + 87)
-10
Evaluate 2882 - 2872 - (0 - 34).
44
Evaluate (17 - (11 - 8) - (14 - -10)) + 85 + -4.
71
Calculate (81 - (-22 - -91)) + (1 - 0) - 7.
6
Evaluate 25 + (-18 - (-3 - (-16 + 12 + -8))).
-2
Evaluate 196 - 209 - (0 + -1 + 25) - -4.
-33
What is the value of -64 + (-4 - -35 - 4)?
-37
23 + (-407 - -407) + 42 + -3
62
What is the value of -2 - -73 - (-104 + (233 - 106))?
48
(30 - -26) + (-117 - -49)
-12
Calculate -31 + 25 + -16 + -9 + -8.
-39
What is the value of (-1 + (1 - 3) - -1) + 449 + -622 + 256?
81
(-21 - 43 - -66) + -41 + -4
-43
50 - 35 - (44 - 24)
-5
-53 + (-1 + 0 - -93)
39
-47 + (-44 - (-112 - -83))
-62
Calculate 92 + -24 + 6 + 32 + -29.
77
Calculate 121 + (-4 - -2) - 0 - (-41 - 29 - -56).
133
(7 - -13 - -33) + -40
13
Evaluate -51 + (-43 - -87) + 32.
25
What is 51 - -2 - (3 + (24 - 6 - 12))?
44
What is 13 + (-32 - (-26 + (-3 - -20))) - 105?
-115
Calculate 126 + -118 + (-39 - (-8 - -17)).
-40
What is the value of (-11 - -5 - ((-12 - -10) + -9)) + -31 + -6?
-32
-5183 + 5368 + (-2 - 102)
81
What is the value of -93 - 0 - (105 - (57 - -56))?
-85
What is the value of (-14 - (-26 + 26) - -12) + 33 + 0?
31
What is -60 - 23 - -106 - -73?
96
Calculate (-77 - (14 - 69)) + 20.
-2
What is 4 + (-48 - -52 - -70) + (1 - 7)?
72
Calculate -13 + (21 - (-41 + 24) - 14).
11
What is -60 + 41 + (-6 - -7)?
-18
Calculate 49 + (15 - 53) - 21.
-10
What is the value of (1 - 35) + (-93 - -101) + 5?
-21
Evaluate -124 - (-107 - (1 + -49)).
-65
What is (-49 - 21) + (-42 - -38)?
-74
What is 114 - (94 + -75 - -6)?
89
Evaluate 56 + (-25 - -16 - (0 + -10)) + (4 - -1).
62
Calculate 117 - 132 - (9 - (-5 + 33)).
4
Calculate -59 + (-41 + -34 - -214).
80
Calculate (4 + -8 - (-4 - -14 - (21 + -9))) + 123.
121
What is the value of -6 + 2 - (42 + -50) - -2?
6
What is the value of -4 + (1 - -1) - (-59 - -18 - -45) - 4?
-10
(-3 - -6) + -4 + 2 + 17 + -100 - 0
-82
Calculate 70 - (-4 - (17 + -1 + -21 + -8)).
61
(75 - 18) + -40 - -18
35
What is -3 - (8 + 10 + -3) - -25?
7
What is the value of (41 - -1) + (-7369 - -7335)?
8
What is the value of 29 + -17 - 55 - -38?
-5
What is the value of (-175 - -66 - -50) + 61?
2
What is (24 - 31 - -47) + -48?
-8
Calculate 113 + -20 - 126 - -28.
-5
Evaluate (-2 - -8) + 91 - 2 - (154 - 138).
79
(24 - 10) + 83 + -34 + (42 - 23)
82
Calculate 37 + (-3 - (-18 + 6)) - 24.
22
-5 + 53 + -16 + -18
14
Calculate 12 + (5 + 2 + -1 - (47 + -23)).
-6
What is -536 + 523 - (-51 - -1)?
37
31 + (-2 - -50) + -46
33
Evaluate (-8 - (-4 + 3 - 7)) + (51 - 59).
-8
Evaluate -14 - 2 - (-1706 - -1684).
6
What is the value of 50 - (155 + -1 - (436 - 472))?
-140
(-1 - -2) + -1 - (56 + (-30 - (24 + -62)))
-64
What is 10 - (-2 - 42) - (-6 + -3 + -2)?
65
What is (63 - (71 - 36)) + -7?
21
What is -8 + -38 + (74 - -42)?
70
Calculate -67 - -2 - -1 - (-23 + -26 + 32 + 3).
-50
Evaluate 4 + -3 + -12 + 68 + 3.
60
-8 + (18 - (-25 - -45)) - 68
-78
54 + -27 + -30 + (9 - -2)
8
Calculate 8 - ((22 - 35) + -13 - -21 - -69).
-56
What is 78 - (48 + (-15 - -145))?
-100
Evaluate (3 - -43) + -342 + 316.
20
Calculate 71 + 10 - (-14 + -27 + 30 + 15).
77
Calculate -400 + 411 - (15 - 1).
-3
What is the value of (35 - 0) + -162 + 77 + 97?
47
2 - (-18 - (15 + -94 + 6 + 0))
-53
Evaluate (94 - 136) + 5 + 10 + 58.
31
What is the value of -8 - (43 + -56 + 17)?
-12
Calculate (-100 - -161) + 5 + (-34 + 19 - (-3 + -1)).
55
What is 14 + 0 + (-99 - -142) + (0 - (5 - -7))?
45
-24 - 28 - (-9 - 55)
12
Evaluate -45 - (26 + -40 - -1 - (-21 + -1)).
-54
531 - 499 - (59 + -14)
-13
What is 26 + (25 + -71 - 9) - (-1 - -11)?
-39
What is -2 + 4 + 31 + -11 + 13 + -4?
31
What is -13 - (-25 - -40 - 13 - 15) - 27?
-27
(-14 + 13 + -47 - (10 - 9)) + -9
-58
Calculate -60 + (-139 - -176) + -1 + 23.
-1
Calculate 3 + -44 - (-47 + 13 + 20 - (-8 - 5)).
-40
What is -56 - ((-3 - -13 - 11) + -7) - -12?
-36
(37 - -2) + -218 + 177 + 0 + -43
-45
Evaluate (-122 - -31) + 83 - (-3 + 11 + -4 - 83).
71
Calculate -177 - -114 - (78 - 146).
5
-10 + 15 + (1 - 0) + (-6 - (-26 + 3))
23
What is the value of -6 - (-6 - (-4 + 23 + -13 + 13 + 6))?
25
What is the value of (-7 - -3) + (3 - (0 - (-4 + 4))) + 13?
12
What is the value of -4 - (20 - 18 - (80 - 18))?
56
What is the value of (-295 - -199) + (113 - 11)?
6
What is the value of 54 - (1 + 9) - (17 + -23 + (-13 - -27))?
36
What is 26 + (-23 - -4) - (14 - 2)?
-5
What is the value of -12 + 77 - (11 - 16) - (2 + 1 + -8)?
75
-7 - (-1 + (-55 + 23 - (1 - 17)))
10
What is the value of -1 + -14 + 4 + (-341 - -314)?
-38
(10 - (8 - 7)) + 1 - (47 + -1)
-36
What is 24 + (-8 - 42) + 108 - -18?
100
(18 - 0) + -28 + (-16 - -65 - -10)
49
What is the value of (31 - 42 - -1) + (-3 - 24)?
-37
What is the value of 16 - (-24 - -59) - -60?
41
Evaluate -1 - -9 - (-9 + -26 + 66 + (-10 - -11)).
-24
(-9 - -31) + 4 + -9 + -3
14
Calculate (1 + -12 - (-661 + 622)) + -103.
-75
What is the value of 7 - (-2 - -1 - 1) - (79 - (95 + -61))?
-36
What is -79 - ((2 - 24) + 1232 + -1179)?
-110
What is 2 + -17 - (5 + (-22 - -56) + -31)?
-23
What is (2 + (7 - 3) - (-2 + -2)) + 103 + -141?
-28
Evaluate -1 - (-21 + 33 + -30) - 4.
13
Evaluate 20 + (22 + -6 - (-54 - -54)).
36
Calculate 18 + 0 - (-1 + 5) - (-23 - -140).
-103
What is the value of -151 + (99 - 23) + 0 + 9?
-66
What is the value of -1464 + 1565 - (7 - -134)?
-40
Evaluate (558 - 620) + (-3 - 29) - -40.
-54
What is the value of 31 + (62 - 33) + -26 - 100?
-66
Evaluate (11 - 37) + 18 + (-2 - 55 - (-15 + 16)).
-66
What is -2 - 6 - (4 + -26 + (11 - 1) - -26)?
-22
Evaluate 10 + ((-148 - -155) + (-1 - 3) - (3 + -28)).
38
What is the value of -66 - 14 - (-127 - -89)?
-42
What is the value of -8 + 4 + 16 + (-8 - 0) - (-11 + -14)?
29
18 + -78 - (27 + (14 - 15))
-86
Calculate 11 - ((0 - 3) + (35 - 9 - (-32 + 21))).
-23
Evaluate -24 + -23 + (22 - (-8 + 14)) + 0.
-31
What is the value of (3 - 1) + 19 + -10 + 27 + -40 + -28?
-30
35 - (-4 - (-12 + -24))
3
Evaluate 70 + -38 + -18 + -15 + -75.
-76
-1563 - -1559 - ((0 - 6) + 18 + (0 - -4))
-20
What is -2 + 58 + (15